What are the prime factors of l?
2, 17
Let n(x) = 214*x + 222. Let p be n(12). Suppose 54*o = 44*o + p. What are the prime factors of o?
3, 31
Let k be 1/(-7) - (-80)/70. What are the prime factors of k/(1 + (-220)/221)?
13, 17
Let t(i) be the third derivative of -5/2*i**3 + 0*i + 13/24*i**4 + 0 + 2*i**2. What are the prime factors of t(9)?
2, 3, 17
Let m = -362 + 364. What are the prime factors of 32/(-17) + m - (-154112)/952?
2, 3
Let s = 0 + 4. Suppose 304 + 488 = s*d. What are the prime factors of d?
2, 3, 11
What are the prime factors of 2548600/360 + 4/18*-2?
7079
Let x be (-1)/(-4) + 264/96. Suppose 3*c - 44 = -4*a - c, -3*a + x*c + 27 = 0. Suppose 13*s - a*s - 351 = 0. What are the prime factors of s?
3, 13
Suppose -98*q + 93*q + 125 = 0. Suppose 0 = -4*t + u + 1638, 3*u + 31 - q = 0. List the prime factors of t.
409
Let t(y) = -848*y - 846. What are the prime factors of t(-34)?
2, 7, 1999
Suppose -84*u = -77461 + 7069. List the prime factors of u.
2, 419
Let r(i) = 148*i - 26. Let b be 1*6*(9 - 13)/(-4). List the prime factors of r(b).
2, 431
Let d(s) = -17*s + 82. Let w be d(7). What are the prime factors of (0 - 20/(-6))/(w/(-1443))?
2, 5, 13
Let o(r) = -131*r - 721. What are the prime factors of o(-36)?
5, 17, 47
Let z = 2374 - -6282. What are the prime factors of z?
2, 541
Let u(y) = 2*y**2 + 4*y - 10. Let t(s) = s**3 - 14*s**2 + 7. Let b be t(14). List the prime factors of u(b).
2, 29
Suppose -4*v = 8, -3*v - 3 = -3*c + 9. Suppose -4*i + 3779 = -5*p + 925, 1428 = c*i - 2*p. List the prime factors of i.
2, 179
Let w(m) = 197*m + 1226. What are the prime factors of w(23)?
3, 19, 101
Suppose k + 59*j = 51*j + 6865, -5*j = k - 6856. What are the prime factors of k?
6841
Let s(h) = 158*h**2 + 78*h + 146. List the prime factors of s(-13).
2, 12917
Let t(y) = 8*y + 26. Let v(a) = -11*a - 27. Let x(n) = 5*t(n) + 4*v(n). List the prime factors of x(-11).
2, 3, 11
Let t(w) = -2*w**3 + 4*w**2 + 14*w + 8491. What are the prime factors of t(0)?
7, 1213
Let u be -63*(16/(-12))/(-4). List the prime factors of 196/u*18/(-21).
2
Let q be (-2 + -78)*(-10)/(-20). Let g be (-1)/(-4) - 6590/q. Suppose -g = -4*p - 9. List the prime factors of p.
3, 13
Let r(q) = q**3 - 24*q**2 - 25*q - 32. Let l be r(23). Let o = -497 - l. List the prime factors of o.
3, 71
Suppose 0 = -5*c + 6 + 4. Let i be 188 + 6 - (c + -2). Let r = i + -94. List the prime factors of r.
2, 5
Let m(o) = 0 - 16*o - 16*o**2 - o**3 - 33 + 8*o. Let b be m(-16). Suppose 2*z - z = b. List the prime factors of z.
5, 19
Suppose -4*b = -3*t + 450, -10*t + 106 = -b - 6*t. Let m = -95 - b. Suppose m*n - 28*n = -1413. List the prime factors of n.
157
Let v(w) = 2*w. Let a be ((-4)/(-8))/(3/18 - 0). Let u be (-7 - -1)/(a/(-2)). What are the prime factors of v(u)?
2
Suppose -91 = 4*d + 25. Let z(n) = 26*n - 808. Let u be z(32). Let l = u - d. List the prime factors of l.
53
Let g be (-6)/(-10) - 28/5. Let c be 4 - (-1 + g)/(-2). List the prime factors of 23*(2 - 1) + c.
2, 3
Suppose 7335 = 12*r - 45729. What are the prime factors of r?
2, 3, 11, 67
Suppose -4*v + 9*v = 60. Suppose 4*y - v = -0*y. Suppose 0 = y*j - 8*j + 365. What are the prime factors of j?
73
Suppose -q + 6 = f, 0 = 3*f + 4*q - 7*q. Suppose -8*g + 4*g + 2705 = 5*r, f*r + 2*g = 1623. List the prime factors of r.
541
List the prime factors of ((-465)/30 + 10)/((-3)/4296).
2, 11, 179
Suppose 38*s + 57 = -133. Let w(f) = -6*f**3 - 3*f**2 - 5. What are the prime factors of w(s)?
2, 5, 67
Let v(y) = -y**3 - 22*y**2 + 8*y - 73. Let c be v(-24). Let t = c - -31. What are the prime factors of t?
2, 3, 17
Let s = -1172 - -8506. What are the prime factors of s?
2, 19, 193
Suppose -5*h + 53 = -s, 2*s + 59 = 5*h - s. Let a be ((-336)/(-120))/(2/h). Suppose -a*r + 630 = -0*r. List the prime factors of r.
3, 5
Suppose 18*d - 23*d - 5 = 0, 4*d + 28 = -3*x. What are the prime factors of (0 + (4 - (-36)/x))*-530?
5, 53
Suppose 0 = -3838*d + 3854*d - 112480. List the prime factors of d.
2, 5, 19, 37
Let t(i) = -42*i**3 - 45*i**2 - 81*i - 25. What are the prime factors of t(-12)?
67043
Let q(k) = -1831*k + 214. List the prime factors of q(-5).
3, 347
Let t be (-6)/2*(-6)/(-18). What are the prime factors of t*(-4)/(4/39)?
3, 13
Suppose -5*i = 9*v - 4*v + 3910, -2*i + v - 1573 = 0. Let q = -526 - i. Let b = -150 + q. List the prime factors of b.
109
Let h(y) = 16439*y**2 + 113*y + 221. List the prime factors of h(-2).
3, 7, 31, 101
Suppose -5*m + 9 = -5*f - 6, -f = -2*m + 8. Suppose 5*s + 3*c - 929 = 3*s, m*c = -3*s + 1393. List the prime factors of s.
2, 233
Let y = -37 - -50. Suppose -6*g = -3037 + y. List the prime factors of g.
2, 3, 7
Suppose 0 = 3728*a - 3726*a + 4*y - 89968, -4*a + 4*y = -179840. What are the prime factors of a?
2, 7, 11, 73
Let z be ((-6)/16)/(2 + (-119)/56). List the prime factors of 606 + -5*z/15.
5, 11
Let r = -12033 + 48844. List the prime factors of r.
131, 281
Suppose -409*o + 1004014 = -362*o. What are the prime factors of o?
2, 11, 971
What are the prime factors of (344 - 332)*(-1321)/(-2)?
2, 3, 1321
Let t = -151 - -149. What are the prime factors of (t + (-2166)/(-9))/(4/6)?
2, 179
Suppose -1237 = -2*u - 5*c, 13*c - 2468 = -4*u + 9*c. List the prime factors of u.
2, 7, 11
Let k = 7349 + -3981. List the prime factors of k.
2, 421
Let t = -52581 - -122193. What are the prime factors of t?
2, 3, 5801
Let c = 97 + -53. Suppose -a - f = -2*a + c, 5*f - 53 = -2*a. Let s = 67 - a. What are the prime factors of s?
2, 7
Let n = 1035 + 8352. What are the prime factors of n?
3, 7, 149
What are the prime factors of (23 + (-420)/18)/(2/(-230532) - 0)?
2, 19211
Suppose -6*a - 4*l = -a - 21, 2*a + 4*l = 6. Suppose -27 = a*n - 42. What are the prime factors of 2 - -58*1 - n?
3, 19
Suppose 1 = -v + 6, 4*d - 2*v = -10. Suppose 10*u - 865 - 2515 = d. List the prime factors of u.
2, 13
Suppose 0 = -5*f + 3*r - 5623 + 2201, -4*r = 4. Let n = f - -1065. List the prime factors of n.
2, 5, 19
Let a be (11 - (-2 - -3))*(-2)/(-4). Suppose 5*r + 7 + 18 = 0, 0 = 5*i - a*r - 1365. Suppose 0*n + 2*d - i = -3*n, 3*n - 269 = -d. List the prime factors of n.
2, 3, 5
List the prime factors of (-823)/(9/5 - 14/7).
5, 823
Suppose s - 10717 - 1879 = 3*m, 5*s = -5*m - 20960. Let n = -2809 - m. List the prime factors of n.
2, 347
Suppose -10*v + 19007 = v - 16226. What are the prime factors of v?
3203
Let p(b) be the second derivative of b**4/12 - b**3/6 - 11*b**2 - 30*b - 2. List the prime factors of p(-7).
2, 17
Let g be (145/15 + -2)*87. Suppose 4*v + g = 2619. List the prime factors of v.
2, 61
Suppose 26*k = 23*k. Suppose k = -5*o + r + 1722, 0 = -0*r + 3*r + 6. List the prime factors of o.
2, 43
Let w(x) = 7*x**2. Suppose -5*d - 3 = 3*r - 10*d, 5*r + 5 = 2*d. Let a be w(r). What are the prime factors of a/2*176/77?
2
Let d be 2 - (3 + (-6)/2). Suppose -d*i = -8*i - 480. List the prime factors of (i/(-15) + -6)/(4/(-102)).
17
Let g = -52 + 38. Let t(n) = -n**3 - 7*n**2 - 20*n - 13 + 0 - 8*n**2. List the prime factors of t(g).
71
Let c(i) = -i**3 + 5*i**2 - 4*i + 4. Let t be c(3). Suppose -t*g = -12*g. Suppose g*z - 3*m = -z + 90, 3*m - 294 = -3*z. What are the prime factors of z?
2, 3
Let o be (4/6)/(8/48). Suppose 2*p = -q + o*p + 24, 102 = 5*q - p. Suppose 3*w + q = 215. What are the prime factors of w?
5, 13
Let a = 316 + -115. Suppose -3*l - d + 296 = 0, -3*d - a = 17*l - 19*l. List the prime factors of l.
3, 11
Let k(v) = -v**3 + 7*v**2 + 31*v - 5. Let n be k(10). Suppose 897 = q - w, 0 = 5*q + n*w - 9*w - 4482. List the prime factors of q.
2, 3, 149
Let a(x) = 5*x**2 + 13*x - 17. Let i be a(-5). Let d(t) = -81*t**3 - t - 3*t**2 + 5 + i*t**3 + 43*t**3. List the prime factors of d(3).
2, 5, 11
Let j(m) = -4*m**2 - 4*m - 5. Let x be j(-3). Let l = 35 + x. List the prime factors of (-3)/l*(0 + -46).
23
Let n be (-10246)/(-14) - (6/7 + -1). Suppose 0 = 8*s + 4*s - n. Let z = s - -6. List the prime factors of z.
67
Let a(n) = 641*n - 630. What are the prime factors of a(6)?
2, 3, 67
Let d(a) = -a**2 - 8*a - 2. Let w be d(-7). Let f(t) = w*t + 95 + 2*t**3 + 2*t**2 - 201 + 99. What are the prime factors of f(3)?
2, 5
Let m(k) = 127*k**3 + 2*k**2 + k - 2. Let l(y) = y**2 - 15*y + 42. Let f be l(12). Let q be (f/9)/((-2)/(-3)). What are the prime 